*f**3 - f**2 - f. What is the tens digit of h(-1)?
1
Suppose -6*m - 2*r + 9 = -3*m, -4*r - 12 = -4*m. Suppose w = -m*w + 4. What is the units digit of (32 + w)/(21/14)?
2
Suppose 0 = 3*k, u + 3*k + 19 = 2*k. Let r = -2 - u. What is the tens digit of r?
1
Suppose 0 = -11*o + 12*o - 129. What is the hundreds digit of o?
1
Let h(i) = 13*i - 21 - i**2 + 21. Let x be h(7). Suppose -2 = 4*c - x. What is the tens digit of c?
1
Let u(w) = 2*w**3 - 3*w**2 + 2*w - 4. Let v be u(3). Let t = -13 + v. What is the units digit of t?
6
Let h(g) = -2*g - 5. What is the tens digit of h(-11)?
1
Let h(u) = -u**3 + 13*u**2 - 10*u - 2. What is the units digit of h(12)?
2
Suppose -5*n - 41 = -6*n. What is the units digit of n?
1
Let d(g) = -2*g**2 + 2*g. Let l be d(2). Suppose 5*p = 26 + 24. Let o = p + l. What is the units digit of o?
6
Let z = 7 - 0. Let h(a) = a**2 + 10*a + 2*a + z - 5*a. What is the units digit of h(-7)?
7
Let f(p) = p + 3. Suppose -m = -3*m. Let n be f(m). Suppose -2*t + r - 1 = -12, 4*r = n*t - 19. What is the units digit of t?
5
Suppose d + 8 = 2*d. Suppose 5*k = 3*n - d + 89, n = 2*k - 32. What is the units digit of k?
5
Let h = 10 + -8. Let b = 14 + h. Let u = b - 2. What is the units digit of u?
4
Suppose -4*m = -5*n - 36, 45 = 5*m - n + 2*n. Let q = 2 + m. What is the tens digit of q?
1
Let p = -19 - -87. Suppose 5*a - p = 97. What is the tens digit of a?
3
Let f(m) = -m - 3. Let b be f(0). Let h = 4 - b. Let t = h - 3. What is the units digit of t?
4
Let n = 261 + -48. What is the tens digit of n?
1
Let a be 2*(17/1 - 1). Suppose 0 = -3*i, 2*j - 2*i - a + 0 = 0. What is the tens digit of j?
1
Let y(w) = -w**2 + 5*w + 10. Let k be y(6). Suppose -o = -3 + 2. Suppose -k*i + o = -47. What is the units digit of i?
2
Let x be 1/(-2 + (-9)/(-4)). Let c(m) = m**3 - 4*m**2 + 5*m - 4. Let k be c(3). Suppose -x = -2*o - d - k*d, 5*d = -20. What is the units digit of o?
8
Let s(o) = -4*o**3 - o**2 + 1. Let f be s(-2). Suppose -t = -2*d + 11, 5*d - f = -t + 9. What is the units digit of d?
7
Let l(o) = -10*o - 9 - o**2 + 2*o**2 + 7. Suppose 32 = 3*n - 4. What is the units digit of l(n)?
2
Suppose 5*p - 6 = -3*u - 19, -5*u + 3*p = -1. What is the units digit of (0 + -1)/u*12?
2
What is the tens digit of (-1)/(-3) - (-7092)/27?
6
Let c = -14 + 22. Suppose -c - 11 = -t. What is the units digit of t?
9
Suppose 2*d = -6 - 14. What is the units digit of (-118)/d - (-4)/20?
2
Let k(x) = x**2 - 7*x + 6. Let n be k(6). Suppose -3*v = n, -o = v - 8 + 3. Suppose -5*b + 3*t = -29, -o*t = -b + 5*b - 1. What is the units digit of b?
4
Let u(n) = -17*n - 7. What is the tens digit of u(-7)?
1
Let t be 0 + 2 + 15 + -13. Let w(x) = 6*x**2 - 4*x**2 - 5 - x**2 - x. What is the units digit of w(t)?
7
Let h be (-35)/4*2*-2. Suppose -5*x + h = -2*w, 2*w - 20 = -2*x + 4*w. Suppose 29 - 89 = -x*l. What is the tens digit of l?
1
Suppose 4*r - 232 = -5*u, -3*u - 54 = -4*u + 3*r. Let o = u - 20. What is the units digit of o?
8
Suppose -8 = -3*a + 1. Suppose 7*r = a*r + 184. What is the units digit of r?
6
Let j = -406 + 652. What is the hundreds digit of j?
2
Let q(a) = a**2 - 7*a + 7. Let c be q(6). What is the tens digit of 1 + c*(-13)/(-1)?
1
Let p(z) = -z**2 + z + 4. Let b be p(0). Let d = 16 - 11. Suppose -31 - b = -d*i. What is the units digit of i?
7
Suppose -s - 5 = 0, 210 = 3*z - s + 4*s. What is the tens digit of z?
7
Let l = -66 - -168. What is the tens digit of l?
0
Let x(n) be the second derivative of n**4/12 + n**3/2 - 7*n**2/2 - 2*n. What is the tens digit of x(5)?
3
Suppose 0 = 15*v - v - 1904. What is the tens digit of v?
3
Let g be (-30)/(-4)*(-4)/(-6). Let o(v) = v**2 - 5*v + 2. Let j be o(g). Suppose 0 - 4 = -j*y. What is the units digit of y?
2
Let l = -15 + 188. What is the tens digit of l?
7
Let w(o) = -o**2 + 7*o - 7. Let i = 5 - -1. Let k be w(i). What is the units digit of ((-2)/4)/(k/12)?
6
Let m = 2 + 0. Suppose 4*p = p - 5*y + 119, 4*p = -m*y + 154. What is the tens digit of p?
3
What is the units digit of 15/(-6)*(0 - (-136)/(-10))?
4
Suppose 2391 = 13*p + 805. What is the tens digit of p?
2
Let h(n) = 13*n - 3. Let a(s) = 12*s - 2. Let b(k) = -5*a(k) + 4*h(k). What is the tens digit of b(-2)?
1
Let f(y) = y**3 - 3*y**2 - 4*y + 4. Let i be f(4). Suppose 0*v - 5*v + 23 = g, i*v - 7 = 3*g. What is the units digit of v?
4
Let m = -4 + 17. Let z = m - 12. What is the units digit of z?
1
Let r be 180/(-63) + 2/(-14). What is the tens digit of ((-164)/3)/4*r?
4
Let b(n) = n**2 + 11*n + 2. What is the tens digit of b(-13)?
2
Let t = -19 + 22. Suppose -4*h = -t*h - 28. What is the tens digit of h?
2
Let w be 8/12*(7 + -1). Suppose 3*t = w*c + t - 2, -3*c - 5 = 5*t. Let y = 1 - c. What is the units digit of y?
1
Let z(g) = g**3 - 4*g**2 - g. Let n be z(4). What is the tens digit of (n/2)/((-2)/20)?
2
Let v(q) = -q**2 - 6*q + 5. Suppose -2*y - 12 = -0*y. What is the units digit of v(y)?
5
Suppose 0*n + 3*x + 10 = 4*n, 2*n - x = 6. What is the units digit of n?
4
Suppose -3*c = -c. Suppose 6*j - 4*j - 4 = c. Suppose 3*t = -2*y - j*y + 84, -21 = -y + 2*t. What is the tens digit of y?
2
Let a(v) = -v**2 - 7*v. Let w be a(-7). Suppose w = d + d. What is the units digit of (1 + d)*(-14)/(-7)?
2
Suppose 7 = 3*u + 2*r, -2 + 0 = -2*u - 4*r. Suppose 4*s + u = 15. What is the units digit of (-2)/((-6)/63) - s?
8
Suppose -4*z = -z - 3*m - 27, 5*m + 19 = 3*z. Let h(v) = -v**2 + 14*v - 3. What is the tens digit of h(z)?
1
Let n(u) = -4*u - 11. What is the tens digit of n(-8)?
2
Suppose 11*c = 14*c + 3. What is the units digit of (c - -3) + 2/2?
3
Let z(u) = -u**3 + 28*u**2 - 46*u - 18. What is the tens digit of z(26)?
3
Let x(w) = w + 4. Let m = -3 + 0. Let v be x(m). Suppose 4*a - 3*c - 9 = a, 0 = c + v. What is the units digit of a?
2
Suppose 5*d - 2*d = 132. What is the units digit of d?
4
Let g(b) = -b**3 - 7*b**2 - 2*b - 4. Let x be g(-7). Let w be 2/6 + (-194)/6. What is the units digit of x/(-35) - w/14?
2
What is the hundreds digit of (-3 + 1 + 304)*(-4)/(-8)?
1
Let y(k) = -k**2 - 7*k + 10. Let v be y(-8). Suppose -c = -v*c. Suppose -m + 3*a + 15 = c, 2*m + 2*m - 5*a = 32. What is the units digit of m?
3
Suppose -11*s + 7*s = -12. Suppose -s*z + 25 = 1. What is the units digit of z?
8
Let o = -4 - -7. Suppose 2*q + s - 72 = 0, -2*q - 46 = -3*q - o*s. What is the tens digit of q?
3
Suppose -23*r + 10*r = -4147. What is the units digit of r?
9
Suppose 5*o = 3*s + 2, 8 = 3*s + 3*o - 22. Let z = 3 - 0. Suppose s + 0 = z*t. What is the units digit of t?
2
Let o(m) be the third derivative of m**5/20 - m**4/8 + m**3/6 + 2*m**2. Let k(y) be the first derivative of o(y). What is the tens digit of k(3)?
1
Suppose 3*i = -5*f + 1060, 3*f + 144 - 791 = -4*i. What is the hundreds digit of f?
2
What is the tens digit of 1992/60 - 2/10?
3
What is the units digit of 8 - (1 - 0 - 2)?
9
Suppose n = -0*n + 4. Suppose -n*t + 6*t - 32 = 0. What is the tens digit of t?
1
What is the tens digit of 95/(-38) + 17*129/6?
6
Let y(b) = b + 8. Let g be y(-5). Suppose g*u - 15 = 3. What is the units digit of u?
6
Suppose -4*n + w - 3 = 4*w, 2 = 5*n - 2*w. Let d = 5 - n. Let f = d - -4. What is the units digit of f?
9
Let f(o) = 3*o + 6. What is the tens digit of f(8)?
3
Let n be 214/6 - 6/9. Suppose -4*l + 2*l = 5*b - n, l = 4*b - 28. What is the units digit of b?
7
Let x(s) = -s**2 - 6*s - 2. Let g be x(-5). Suppose g*p = 2*p + 12. Let t = p - 8. What is the units digit of t?
4
Let r = 10 - 8. What is the units digit of (1 - -11) + r + -5?
9
Let o = -7 - -10. What is the units digit of 10/(0/o - -2)?
5
Let k = 5 + 0. Let g(n) = -n**3 + 6*n**2 - 7. Let s be g(k). What is the tens digit of (-4)/s - 184/(-18)?
1
Suppose 2*n = -d + 6*n - 15, n + 15 = 4*d. Let f = d - -23. What is the units digit of f?
8
Suppose 5*o = 4*w - 231, 0 = 2*w + 4*o - 24 - 72. What is the units digit of w?
4
Let j be 0*3/(-9) - -2. Let u = 5 - j. Suppose 4*d = r + 2, -5*d = 4*r - 5*r - u. What is the units digit of d?
1
Let d(l) = l**2 - 16*l - 3 + 16*l. What is the units digit of d(-5)?
2
Let m(u) = u**2 - 3*u - 4. Let v be m(3). Let z be 14/v*(-8)/14. What is the tens digit of (1/(-2) - z)*-4?
1
Let i be (11*2)/(1 - -1). Suppose n - i = 2*u, 5*n = -0*u + u + 64. What is the tens digit of n?
1
Let y be 18/((-96)/51